{"id":4,"date":"2023-01-13T13:55:34","date_gmt":"2023-01-13T12:55:34","guid":{"rendered":"https:\/\/shingitaidojo.de\/?page_id=4"},"modified":"2023-01-13T16:21:55","modified_gmt":"2023-01-13T15:21:55","slug":"willkommen-auf-https-shingitaidojo-de","status":"publish","type":"page","link":"https:\/\/shingitaidojo.de\/?page_id=4","title":{"rendered":"Shingitai Dojo"},"content":{"rendered":"\n<p>Unser Dojo ist im Jahre 1996 gegr\u00fcndet und 2002 von Meister\u00a0<strong>Nobuyoshi Tamura<\/strong>\u00a0eingeweiht worden. F\u00fcr den Namen Shingitai hat er uns\u00a0Dojo-Kalligraphie\u00a0angefertigt. Urspr\u00fcnglich wurde hier nur Aikido gelehrt, seit 2000 wird auch\u00a0<a rel=\"noreferrer noopener\" href=\"http:\/\/www.iaido-shingitai.de\/\" target=\"_blank\">Iaido<\/a>\u00a0trainiert.<\/p>\n\n\n\n<figure class=\"wp-block-image size-full\"><img loading=\"lazy\" decoding=\"async\" width=\"145\" height=\"116\" src=\"https:\/\/shingitaidojo.de\/wp-content\/uploads\/2023\/01\/kanji_shin-1.gif\" alt=\"\" class=\"wp-image-27\"\/><\/figure>\n\n\n\n<p>Das Zeichen&nbsp;<strong>\u201eshin\u201c<\/strong>&nbsp;stellt zun\u00e4chst den Begriff&nbsp;<strong>\u201eGeist\u201c<\/strong>&nbsp;dar. Wenn dieses Zeichen aber in seiner vollen Bedeutung interpretiert wird, gelangt man letztendlich zu den Begriffen&nbsp;<strong>\u201eHerz\u201c<\/strong>&nbsp;und&nbsp;<strong>\u201emoralische Integrit\u00e4t\u201c<\/strong>.<\/p>\n\n\n\n<p><em>Die tiefere Bedeutung dieses Zeichens liegt darin, sich einer Aufgabe um der Liebe willen widmen zu wollen und nicht des Profits wegen.<\/em><\/p>\n\n\n\n<p>In seinem tiefsten Inneren soll der Mensch seine Emotionen sammeln und sich mit ihrer Hilfe auf seine Aufgabe konzentrieren.<\/p>\n\n\n\n<figure class=\"wp-block-image size-full\"><img loading=\"lazy\" decoding=\"async\" width=\"145\" height=\"116\" src=\"https:\/\/shingitaidojo.de\/wp-content\/uploads\/2023\/01\/kanji_gi-1.gif\" alt=\"\" class=\"wp-image-28\"\/><\/figure>\n\n\n\n<p>Das n\u00e4chste Zeichen&nbsp;<strong>\u201egi\u201c<\/strong>&nbsp;\u2013 auch&nbsp;<strong>\u201ewasa\u201c<\/strong>&nbsp;genannt \u2013 bedeutet&nbsp;<strong>K\u00f6nnen, Technik, Fertigkeit<\/strong>. Es beinhaltet die Notwendigkeit, st\u00e4ndig zu lernen und seine Fertigkeiten st\u00e4ndig weiter zu entwickeln.<\/p>\n\n\n\n<p><em>Beharrliches Training \u2013 auch wenn es manchmal beschwerlich ist \u2013 ist der einzige Weg, sich steigern zu k\u00f6nnen.<\/em><\/p>\n\n\n\n<figure class=\"wp-block-image size-full\"><img loading=\"lazy\" decoding=\"async\" width=\"145\" height=\"116\" src=\"https:\/\/shingitaidojo.de\/wp-content\/uploads\/2023\/01\/kanji_tai-1.gif\" alt=\"\" class=\"wp-image-29\"\/><\/figure>\n\n\n\n<p>Das letzte Zeichen ist&nbsp;<strong>\u201etai\u201c<\/strong>, das zun\u00e4chst mit&nbsp;<strong>\u201eK\u00f6rper\u201c<\/strong>&nbsp;\u00fcbersetzt wird. Im Kontext verweist es darauf, dass der Mensch seine k\u00f6rperliche Verfassung sorgsam pflegen und auf einem hohen Niveau kultivieren muss.<\/p>\n\n\n\n<p><em>Der K\u00f6rper ist nur durch selbst aufgestellte Schranken begrenzt.<\/em><\/p>\n\n\n\n<p>Aber Grenzen dieser Art sind nicht zwingend und k\u00f6nnen letztlich \u00fcberwunden werden.<\/p>\n\n\n\n<h2 class=\"wp-block-heading\">Die Bedeutung<\/h2>\n\n\n\n<blockquote class=\"wp-block-quote is-layout-flow wp-block-quote-is-layout-flow\">\n<p><em><strong>Shingitai bedeutet die Vereinigung der drei Elemente Geist, Technik und K\u00f6rper, die zusammen den Menschen ausmachen.<\/strong><\/em><\/p>\n\n\n\n<p>Wird auch nur ein einziges dieser Elemente vernachl\u00e4ssigt, fehlt die harmonische Ausgewogenheit und es ist nicht m\u00f6glich, in den Kampfk\u00fcnsten einen Fortschritt zu erzielen.<\/p>\n<\/blockquote>\n","protected":false},"excerpt":{"rendered":"<p>Unser Dojo ist im Jahre 1996 gegr\u00fcndet und 2002 von Meister\u00a0Nobuyoshi Tamura\u00a0eingeweiht worden. F\u00fcr den Namen Shingitai hat er uns\u00a0Dojo-Kalligraphie\u00a0angefertigt. Urspr\u00fcnglich wurde hier nur Aikido gelehrt, seit 2000 wird auch\u00a0Iaido\u00a0trainiert. Das Zeichen&nbsp;\u201eshin\u201c&nbsp;stellt zun\u00e4chst den Begriff&nbsp;\u201eGeist\u201c&nbsp;dar. Wenn dieses Zeichen aber in seiner vollen Bedeutung interpretiert wird, gelangt man letztendlich zu den Begriffen&nbsp;\u201eHerz\u201c&nbsp;und&nbsp;\u201emoralische Integrit\u00e4t\u201c. Die tiefere Bedeutung [&hellip;]<\/p>\n","protected":false},"author":1,"featured_media":0,"parent":0,"menu_order":1,"comment_status":"closed","ping_status":"closed","template":"","meta":{"footnotes":""},"class_list":["post-4","page","type-page","status-publish","hentry","post"],"_links":{"self":[{"href":"https:\/\/shingitaidojo.de\/index.php?rest_route=\/wp\/v2\/pages\/4","targetHints":{"allow":["GET"]}}],"collection":[{"href":"https:\/\/shingitaidojo.de\/index.php?rest_route=\/wp\/v2\/pages"}],"about":[{"href":"https:\/\/shingitaidojo.de\/index.php?rest_route=\/wp\/v2\/types\/page"}],"author":[{"embeddable":true,"href":"https:\/\/shingitaidojo.de\/index.php?rest_route=\/wp\/v2\/users\/1"}],"replies":[{"embeddable":true,"href":"https:\/\/shingitaidojo.de\/index.php?rest_route=%2Fwp%2Fv2%2Fcomments&post=4"}],"version-history":[{"count":4,"href":"https:\/\/shingitaidojo.de\/index.php?rest_route=\/wp\/v2\/pages\/4\/revisions"}],"predecessor-version":[{"id":47,"href":"https:\/\/shingitaidojo.de\/index.php?rest_route=\/wp\/v2\/pages\/4\/revisions\/47"}],"wp:attachment":[{"href":"https:\/\/shingitaidojo.de\/index.php?rest_route=%2Fwp%2Fv2%2Fmedia&parent=4"}],"curies":[{"name":"wp","href":"https:\/\/api.w.org\/{rel}","templated":true}]}}