{"id":103,"date":"2023-01-15T16:09:30","date_gmt":"2023-01-15T15:09:30","guid":{"rendered":"https:\/\/shingitaidojo.de\/?page_id=103"},"modified":"2026-03-30T15:43:03","modified_gmt":"2026-03-30T14:43:03","slug":"mutokukai","status":"publish","type":"page","link":"https:\/\/shingitaidojo.de\/?page_id=103","title":{"rendered":"Mutokukai"},"content":{"rendered":"<div id=\"pl-103\"  class=\"panel-layout\" ><div id=\"pg-103-0\"  class=\"panel-grid panel-no-style\" ><div id=\"pgc-103-0-0\"  class=\"panel-grid-cell panel-grid-cell-empty\" ><\/div><div id=\"pgc-103-0-1\"  class=\"panel-grid-cell\" ><div id=\"panel-103-0-1-0\" class=\"so-panel widget widget_text panel-first-child panel-last-child\" data-index=\"0\" >\t\t\t<div class=\"textwidget\"><header class=\"entry-header has-text-align-center header-footer-group\">\n<div class=\"entry-header-inner section-inner medium\">\n<h1>Mutokukai Europe<\/h1>\n<\/div>\n<\/header>\n<div class=\"post-inner thin \">\n<div class=\"entry-content\">\n<p>Mutokukai ist unb\u00fcrokratisch, dezentralisiert und als Austauschnetz zwischen Kampfkunst-Praktizierenden organisiert.<\/p>\n<p>Jeder nationale Zweig genie\u00dft dort eine vollst\u00e4ndige Selbstverwaltung, um sich frei an die Bedingungen und den \u00f6rtlichen Besonderheiten anpassen zu k\u00f6nnen. (Es ist, zum Beispiel, offensichtlich, da\u00df die franz\u00f6sischen Verwaltungsprobleme nur die Franzosen betreffen).<\/p>\n<p>Die technische Leitung wird durch ein von den Gr\u00fcndern hinzugew\u00e4hlten Komitee gew\u00e4hrleistet. Da Mutokuka\u00ef kein Verbund ist und auch nicht vorhat ein solcher zu werden, behalten wir uns das Recht vor, ALLE unsere Mitglieder zu w\u00e4hlen welche, ohne Unterschied, von Dojos , Vereinigungen von Dojos oder Einzelmitglieder sein k\u00f6nnen. Die Mitgliedschaft schlie\u00dft keine Teilnahme an f\u00f6deralen Organisationen oder anderen aus. Mutokukai ist unpolitisch und hat nicht die Absicht mit den Verb\u00e4nden in Konkurrenz zu treten.<\/p>\n<p>Die Verb\u00e4nde sind Verwaltungsorganismen, welche sich um die Organisation der Aus\u00fcbung von Sport und mit der Vertretung der Sportler beim Ministerium f\u00fcr Sport oder ihr \u00c4quivalent k\u00fcmmern; Olympisches Komitee u.s.w\u2026. Sie sind, in Frankreich, vom Ministerium delegiert, um die Pr\u00fcfungen von Dan Graden und Staatsdiplomen zu organisieren. Es ist nicht in unserer Absicht, uns in irgendeiner Form einzumischen.<\/p>\n<p>Mutokukai geht davon aus, da\u00df Sport (sein Rahmen, sein Geist und seine Ziele) keinen Platz in der Aus\u00fcbung von Aikido und der traditionellen martialischen Kunst hat. Mutokuka\u00ef betrachetet die Aus\u00fcbung von Aikido (obwohl auch sie auf k\u00f6rperliches Training beruht) einfach nicht als eine sportliche T\u00e4tigkeit. Wir preisen eine traditionelle Praxis an, basiert auf der \u00dcbergabe der Kunst von Tamura Nobuyoshi Shihan, angereichert mit Zugaben zahlreicher anderer Meister, alles Sch\u00fcler des Gr\u00fcnders. Sie dreht dem Sportministerium wissentlich den R\u00fccken und sieht sich als kulturell und spirituel. Lassen wir den Sport an seinem Platz.<\/p>\n<p>Wir haben einen zentralen Dojo in Arenys de Munt im Norden von Barcelona im spanischem Katalonien er\u00f6ffnet, welcher, au\u00dfer dem 500qm grossen Dojo (400qm Tatamis), demn\u00e4chst auch mit einem Zentrum f\u00fcr die Praktikanten mit der M\u00f6glichkeit eines Langzeitaufenthaltes versehen wird. Mutokukai ist in Erwartung offizieller Anerkennung des Aikikai.<\/p>\n<p>Yamada Yoshimitsu Shihan ist der Fachberater, Malcolm Tiki Shewan und St\u00e9phane Benedetti sind die technischen Direktoren und Gr\u00fcnder.<\/p>\n<p>Link zu Webseite:\u00a0<a href=\"http:\/\/www.mutokukai.org\/\" target=\"_blank\" rel=\"noopener\">MUTOKUKAI Europe<\/a><\/p>\n<\/div>\n<\/div>\n<\/div>\n\t\t<\/div><\/div><\/div><\/div>","protected":false},"excerpt":{"rendered":"<p>Mutokukai Europe Mutokukai ist unb\u00fcrokratisch, dezentralisiert und als Austauschnetz zwischen Kampfkunst-Praktizierenden organisiert. Jeder nationale Zweig genie\u00dft dort eine vollst\u00e4ndige Selbstverwaltung, um sich frei an die Bedingungen und den \u00f6rtlichen Besonderheiten anpassen zu k\u00f6nnen. (Es ist, zum Beispiel, offensichtlich, da\u00df die franz\u00f6sischen Verwaltungsprobleme nur die Franzosen betreffen). Die technische Leitung wird durch ein von den Gr\u00fcndern [&hellip;]<\/p>\n","protected":false},"author":1,"featured_media":0,"parent":4,"menu_order":1,"comment_status":"closed","ping_status":"closed","template":"","meta":{"footnotes":""},"class_list":["post-103","page","type-page","status-publish","hentry","post"],"_links":{"self":[{"href":"https:\/\/shingitaidojo.de\/index.php?rest_route=\/wp\/v2\/pages\/103","targetHints":{"allow":["GET"]}}],"collection":[{"href":"https:\/\/shingitaidojo.de\/index.php?rest_route=\/wp\/v2\/pages"}],"about":[{"href":"https:\/\/shingitaidojo.de\/index.php?rest_route=\/wp\/v2\/types\/page"}],"author":[{"embeddable":true,"href":"https:\/\/shingitaidojo.de\/index.php?rest_route=\/wp\/v2\/users\/1"}],"replies":[{"embeddable":true,"href":"https:\/\/shingitaidojo.de\/index.php?rest_route=%2Fwp%2Fv2%2Fcomments&post=103"}],"version-history":[{"count":7,"href":"https:\/\/shingitaidojo.de\/index.php?rest_route=\/wp\/v2\/pages\/103\/revisions"}],"predecessor-version":[{"id":377,"href":"https:\/\/shingitaidojo.de\/index.php?rest_route=\/wp\/v2\/pages\/103\/revisions\/377"}],"up":[{"embeddable":true,"href":"https:\/\/shingitaidojo.de\/index.php?rest_route=\/wp\/v2\/pages\/4"}],"wp:attachment":[{"href":"https:\/\/shingitaidojo.de\/index.php?rest_route=%2Fwp%2Fv2%2Fmedia&parent=103"}],"curies":[{"name":"wp","href":"https:\/\/api.w.org\/{rel}","templated":true}]}}